-2*n + 86. Let b = t - 14. What is the tens digit of p(b)?
1
Let m(d) be the second derivative of d**5/20 - d**4/6 - d**3 + 5*d**2/2 + 35*d. Let b(c) = c + 10. Let w be b(-6). What is the tens digit of m(w)?
1
Let d be 4*((-4)/(-1) + -3). What is the units digit of 4 + 49 - (-4)/d?
4
Suppose 2*o + 6 = -o + 4*f, -4*f = -4*o - 4. Suppose 0 = 5*r - 5*q + 5, -4*r + q - o = -2*q. Let x(h) = 6*h**3 - h**2. What is the units digit of x(r)?
5
Suppose 0 = n + 20 - 886. What is the tens digit of n?
6
Let h be -3*-5*(-5)/75. What is the units digit of (149 - 0/(-4)) + h?
8
Suppose 2*k = -5*n - 1055 + 2926, 0 = -3*k - 5*n + 2799. What is the units digit of k?
8
Suppose 0 = 5*w + j - 3*j + 161, -w + 4*j - 43 = 0. Let n = w + 67. Let p = n + -14. What is the tens digit of p?
2
Suppose 0 = 28*w - 33*w + 20. What is the tens digit of ((-18)/5 + w)/(2/580)?
1
Suppose o = -0 + 3. Suppose -o*c + 52 = -0*z + z, 4*z + 2*c - 238 = 0. Suppose -z = -6*t + 125. What is the units digit of t?
1
Let y be ((-3)/(-2))/(2/4). Suppose -y*m + 71 = -40. What is the tens digit of m?
3
Suppose 9*a - 104 = 5*a. Let g = a - -12. What is the units digit of g?
8
Let u = 120 - 31. Suppose 184 = 3*i - u. What is the tens digit of i?
9
Suppose -8*p = p - 6453. What is the hundreds digit of p?
7
Suppose u = -4*u + 2*z - 23, 0 = 5*z - 20. What is the units digit of (0 + -167)*(u - 2 - -4)?
7
Let f be -1 + 0 + 3 + 2. Suppose 2*c = -f*o - 20, -5 = 4*c - c + o. Suppose -2*j + 5 - 3 = c. What is the units digit of j?
1
Let d = 22 - 16. Suppose 238 + 416 = d*q. What is the hundreds digit of q?
1
Let t(b) = -3*b - 30. Let x be t(-15). Suppose 0*f = 3*f + x. Let d = f - -53. What is the tens digit of d?
4
Suppose -2*f + 240 = 2*f. Let d = 118 - f. What is the units digit of d?
8
Let n(o) = -133*o + 10. What is the tens digit of n(-3)?
0
Let y be (0 + 2)*(-13)/(-2). Let z = y - 13. What is the units digit of z - (-2 - -1 - 1)?
2
Let f = 6984 - 4942. What is the hundreds digit of f?
0
Suppose 4 = -4*w, 4*w + 39 = 5*n - 0*w. Suppose -371 = -n*x - 28. What is the units digit of x?
9
Let v = -66 - -133. Suppose -y + v = x, -5*y + 201 = -2*y - 2*x. What is the units digit of y?
7
Let u(i) = -153*i + 2. Let z(l) = -152*l + 2. Let g(v) = -5*u(v) + 6*z(v). Let b be g(-1). Suppose 28 = 3*o - b. What is the tens digit of o?
5
Suppose -4 = z + 2. Let s(v) = -v**2 - 6*v + 4. What is the units digit of s(z)?
4
Let j = 438 + -71. What is the tens digit of j?
6
Let k(l) be the first derivative of 3*l**2/2 - 6*l + 5. Let d be k(5). Let n = 25 - d. What is the units digit of n?
6
Let i(l) = l**3 - l**2 - 2*l + 15. Let t be i(0). Let z = -14 + t. Suppose -z = -f + 11. What is the units digit of f?
2
Let c(s) = -s**3 - 3*s**2 + 7*s + 12. Let v be c(-4). Suppose v = z + 2*f - 219, -2*z + 3*f + 88 = -357. What is the tens digit of z?
2
Suppose 4*m = 20, 4*m - 87 + 7 = 2*d. Suppose 11*z = 9*z - 2*c - 162, 0 = 2*z - 3*c + 137. Let o = d - z. What is the tens digit of o?
4
Suppose 5*j = 3*c - 8661, c - 3*c + 5799 = 5*j. What is the units digit of c?
2
Suppose -551*s - 9086 = -573*s. What is the units digit of s?
3
Let f = -15 - -24. Suppose -f = -g - 0. What is the units digit of g?
9
Let u(g) = g + 15. Let t(f) = 3*f + 33. Let a(w) = -2*w - 6. Let p be a(4). Let x be t(p). What is the units digit of u(x)?
6
Let i(h) = 14*h**2 + 18*h + 147. What is the hundreds digit of i(-9)?
1
Suppose -10 = -2*l, -l - l + 15 = 5*z. Let b(y) = 4 - y**2 - z - 8*y + 3. What is the tens digit of b(-5)?
2
Suppose 5*w + 5*c - 10 = 10, 4 = -4*c. Suppose -30 = -h - 2*z, h - 117 = -3*h - w*z. What is the units digit of (h/12)/(-7)*-183?
1
Let a(x) = x**3 - 8*x**2 + 7*x + 5. Let w be a(7). Suppose -5*p = -2*s + 145, -w*p = 5*s - 92 - 288. Let c = s + -37. What is the tens digit of c?
3
Suppose -4*o = 4*i - 3*i - 25, 3*i = -o + 31. Let y(f) = 4*f + 35. What is the tens digit of y(i)?
7
Let h = 2013 + -1052. What is the units digit of h?
1
Let c = -4 - -1. Let z(a) = 2*a**2 + 5*a - 2. Let h be z(3). Let t = c + h. What is the tens digit of t?
2
Suppose -26*i = -29*i + 12. Let p(c) = 8*c + 5. What is the tens digit of p(i)?
3
Suppose -2*h + 5*n + 19 = 0, -h - 4*n - 2 = 8. Suppose -h*p + p - 40 = -a, -5*p = 3*a - 88. What is the tens digit of a?
3
Suppose -5*v - h = -2651, 3*h - 2121 = -4*v + 2*h. Suppose -c + 6*c - v = 0. What is the tens digit of c?
0
Let o = 1543 + -799. What is the tens digit of o?
4
Suppose -2 = 2*h - 8, -5*z = -4*h - 18. Let a(p) = p**3 - 6*p - 4*p**2 + 2*p**2 - 11 - z*p**2. What is the units digit of a(9)?
6
Let a = 1989 - 943. What is the hundreds digit of a?
0
Suppose 331*k = 336*k - 1895. What is the tens digit of k?
7
Let p be (-10)/(-6)*18*1. Let u = 9 + p. What is the units digit of u?
9
Suppose -14*o + 299796 = 70*o. What is the thousands digit of o?
3
Let s(w) = -w**2 - 7*w - 7. Let b be s(-4). Suppose 0 = b*p + 3*y, -2*p + 0*y = 3*y + 9. What is the units digit of p?
3
Suppose 0 = 8*d - 3314 - 7718. What is the thousands digit of d?
1
Let k be 127/8 - (-4)/32. Let l be (k/4)/(1 - -1). Let h = 25 - l. What is the units digit of h?
3
Let i = -264 + 933. What is the hundreds digit of i?
6
Suppose -463 + 118 = -3*y. Let u = -59 + y. What is the tens digit of u?
5
Suppose -5*g = -2*b - 2*b + 319, b + 4*g - 106 = 0. What is the units digit of b?
6
Suppose 0 = 6*q - q + 20, -p + 4*q + 100 = 0. Let r = -62 + p. What is the tens digit of r?
2
Let k = -38 + 62. Let b = k - 10. Suppose 15*r - b*r - 7 = 0. What is the units digit of r?
7
Let t be 1/8 + 15225/56. Suppose 0 = 5*i - t - 848. What is the tens digit of i?
2
Let x(h) = -7*h - 9. Let i be x(7). Let f = i - -77. What is the units digit of f?
9
Let p be (-3 - -6) + 2/(6/861). Suppose -4*a - 4*x + x = -p, -a + 4*x = -63. What is the tens digit of a?
7
What is the units digit of (-3)/(-54) - 62907/(-54)?
5
Suppose 2*m - m + 15 = 0. Let j(f) = -f**3 - 14*f**2 - 10*f + 3. Let d be j(m). Suppose 5*w = 11*w - d. What is the tens digit of w?
6
Let u(z) = -z**3 + z**2 + 2*z - 6. Let r be u(3). What is the tens digit of (-613)/(-5) - (-3 + r/(-5))?
2
Let w = 391 + -185. Let m = w + -104. What is the units digit of m?
2
Suppose -31*s + 33*s - 4 = 0. Suppose 0 = 5*x - 2*w - 475, 2*x - 380 = -s*x - 2*w. What is the tens digit of x?
9
Suppose 5*s - 3*s - 8 = 0. Suppose -4*o - 2*q = -170, -s = -3*q - 1. Let h = 61 - o. What is the tens digit of h?
1
Suppose 0 = -668*j + 680*j - 40452. What is the thousands digit of j?
3
Let f(m) = -m**3 - 6*m**2 + 6*m + 3. Let o be f(5). Let w = -123 - o. What is the tens digit of w?
1
Let t(w) = 2*w + 32. Let i be t(-14). Suppose 0 = k - 12 + i. What is the units digit of ((-58)/k)/(1/(-4))?
9
Let p(n) = -9*n - 5. Let j be p(-6). Suppose -232 = j*x - 53*x. What is the units digit of x?
8
Suppose y = -3*y + 2*f + 54, -3*f - 37 = -2*y. Suppose 18*d - y*d = 427. What is the units digit of d?
1
Let f(l) be the third derivative of l**5/60 - l**4/4 + 19*l**3/6 + 23*l**2. What is the units digit of f(6)?
9
Let o be (15 + -16)*2/2 - 0. Let n(s) = -32*s - 1. What is the tens digit of n(o)?
3
What is the hundreds digit of 1961/4 - (-5)/(-20)?
4
Suppose 2*p - 315 = -59. What is the tens digit of p?
2
Suppose 5*g - 3*f = 52, 0 = -g - 2*f - 1 + 14. What is the tens digit of g?
1
Let r(j) = -8*j**2 + 5*j - 2. Let h be r(3). Let b = h + 127. What is the tens digit of b?
6
Suppose 0 = -i - 0 + 10. Suppose 8*d + i = 10*d. Suppose -n = -d*n + 44. What is the tens digit of n?
1
Suppose 4 = u, -27 = 3*a + 4*u + 47. Let h = 106 + a. What is the tens digit of h?
7
Let v(o) = 4*o**3 - 4*o + 3. Let p be (-4)/(-6)*(-3 + 6). Let n be v(p). Suppose -w + 30 = j, w + j - n = 3*j. What is the tens digit of w?
2
Suppose 0 = z - 4*x + 14, -2*z + 2*x = -3*x + 16. Suppose 0*l - 82 = -z*l. What is the units digit of l?
1
Let a be 4/(-3)*21/14. What is the units digit of (-60)/(-3)*a/(1*-4)?
0
Suppose 0 = -b + 4*b - 2*r - 3, 2*b - 5*r = 2. Let u be 90/(-9)*b/(-2). Suppose -u*a - 96 = -486. What is the tens digit of a?
7
Suppose -3*s - 4*j = -0*s + 247, -3*j = 2*s + 164. Let l be 143 - 2 - (3 - 1). Let p = l + s. What is the units digit of p?
4
Let c(l) be the first derivative of -l**4/4 - 8*l**3 - 25*l**2/2 + 19*l + 23. What is the units digit of c(-23)?
5
Let k(z) be the first 